Let f be v(11). What is the units digit of (-1 - 36/f)/((-4)/(-208))?
5
Suppose -14*i - 1069 + 12080 = -6769. What is the tens digit of i?
7
Suppose -6*d + 3*d + 6 = 0. Suppose 1424 = 4*s + t, 5*s - 169 = 4*t + 1632. Suppose s - 119 = d*p. What is the hundreds digit of p?
1
Suppose 3 - 43 = 4*y. Let u be y/5*(-9)/(-6). What is the units digit of (8/u + 3)*3?
1
Let q = 36497 + -9513. What is the thousands digit of q?
6
Suppose -25*q = 1 - 1. Suppose -3*s + 4*l - 2*l + 73 = q, -2*s + 50 = -l. What is the tens digit of s?
2
Let m = -98 + 97. What is the units digit of 11 - 5 - 208/m?
4
Let j = -202 - -112. Let w = 96 + j. Let x(d) = 2*d**2 + 7*d - 15. What is the tens digit of x(w)?
9
Let o = 3685 + -1335. Suppose 16*w + o = 21*w. What is the tens digit of w?
7
Suppose -2*n + 4 = 2*n. Let a = -10 - -9. What is the units digit of (-2 + -3)/(n/a)?
5
Let v = 97 - 94. What is the tens digit of (-11883)/(-27) + v/(-27)?
4
What is the hundreds digit of (-2)/(-19) + (-37)/(17575/(-8195125))?
2
Let x(v) = 3*v**2 - 2*v + 44. Let a be x(-9). Suppose 4*g + 3*n = a, n = -0 - 5. What is the tens digit of g?
8
Suppose 2*m = 4*w - 34680, -4*w + 1705 = 5*m - 32947. What is the hundreds digit of w?
6
Let v(y) be the third derivative of -73*y**4/3 - 13*y**3/6 - 20*y**2 + 2*y. What is the tens digit of v(-2)?
5
Suppose 2*a - 5580 = -2*f, -32*a + 36*a - 11160 = -2*f. What is the units digit of a?
0
Let l(v) = 2*v**2 + 9*v + 18. Let i be l(-4). Let h(w) = 18*w**3 + 1 - 6 - 17*w**3 + 4 - i*w - w**2. What is the units digit of h(6)?
5
Suppose -5*w + 4*z - 2*z = 8, 0 = 3*w - 3*z + 3. Let t be (-2356)/8 + 3 - 1/w. Let m = -110 - t. What is the hundreds digit of m?
1
Suppose 2*x - 1948 = 121*c - 125*c, 0 = 5*x + 2*c - 4918. What is the units digit of x?
6
Let f = 72 + -56. Suppose -f*g + 15*g = -99. Suppose -2*p + g + 17 = 0. What is the units digit of p?
8
Let g(l) = -l**2 - 18*l + 18. Let b = 201 + -218. What is the tens digit of g(b)?
3
Let j be (-7542)/(-72)*(-8 - (-1 - -1)). Let a = j + 1811. What is the tens digit of a?
7
Let s be (-160)/(-28) - 2/(-7). What is the units digit of ((s/15)/(-1))/((-6)/7635)?
9
Suppose -5*i + 2*j - 7699 = -75504, -5*j - 67805 = -5*i. What is the tens digit of i?
6
What is the thousands digit of (-2)/15 + (-51)/((-23715)/17700752)?
8
Let g(d) = 151*d**2 + 161*d - 1258. What is the units digit of g(8)?
4
What is the hundreds digit of (-113380)/6*(-6)/55*11?
6
Let u = -98 + 128. Suppose -4*i = -u*i + 21372. What is the tens digit of i?
2
Suppose -5*n + 16 = -u, 4*n - 5*u = 3*n + 8. Suppose -n*g = -3*s - 77 - 37, 4*g - 5*s = 152. What is the tens digit of g?
3
Let a = -1463 - -10381. What is the hundreds digit of a?
9
Let i = 9327 - -484. What is the tens digit of i?
1
Let d = -49 - -54. Suppose -2*r = 4*z - 790, -d*r - 15*z = -13*z - 1983. What is the tens digit of r?
9
Suppose 4*a + 403 = 43. Let l be (-351)/a + 2/20. Suppose l*n - 9 = n. What is the units digit of n?
3
Let f = -28889 - -40964. Suppose -16*m = 5*m - f. What is the hundreds digit of m?
5
Suppose 0 = 4*s - 2*p - 8, 6*s - 8 = 2*s - 4*p. What is the tens digit of (s - 7)/(2/(-404))?
1
Let k = 968 + -249. Suppose l + 4*d - 133 = 0, -2*l - 3*l = 2*d - k. Let v = l + -94. What is the tens digit of v?
5
Suppose -4*a + 1342 + 1582 = 0. What is the hundreds digit of a?
7
What is the hundreds digit of ((-600)/(-700))/(2/50372)?
5
Suppose -4*d + 9 - 73 = 4*r, 0 = r + 2*d + 17. Let j(y) be the first derivative of -y**2/2 + 17*y + 23. What is the units digit of j(r)?
2
Let v be (-1 + 0)/((-2)/(-28)*-2). Suppose -33 = -v*u - 5. Suppose -2*q + 48 - u = 0. What is the tens digit of q?
2
What is the units digit of 9/(-72) - 24945/(-8)?
8
Let y(b) = 2*b**2 + 7*b - 52. Let d be y(-14). Suppose -5*h + 3*w - d = -4894, -5*h + 4*w = -4651. What is the units digit of h?
1
What is the units digit of 122364/21 - (-186)/(-217)?
6
Let m = 27563 - 18108. What is the thousands digit of m?
9
Let v(p) = 2*p**3 + 282*p**2 - 263*p - 261. What is the thousands digit of v(-141)?
6
Let h(q) be the second derivative of -37*q**2 - 13/6*q**3 + 0 + 44*q. What is the units digit of h(-22)?
2
Suppose 32*g = 38*g - 18. Suppose -3*u + 15 = 5*b - 3, -30 = -5*u + g*b. What is the units digit of u?
6
What is the tens digit of (-7 + 15 - -9833) + -11?
3
Let k = 57151 + -33071. What is the hundreds digit of k?
0
What is the units digit of 130/10 - (-2 + -10563)?
8
Let o(w) = 183*w**2 - 227*w - 4002. What is the hundreds digit of o(-17)?
7
Let a = 283 - 265. Suppose -4*g + 15216 = 4*y, 3*g + g = 4*y - 15248. Suppose -w - y = -a*w. What is the units digit of w?
4
Let w = 93 - 15. Suppose y - 157 = w. Suppose -i = 2*q - 152, -y + 6 = -3*q - 2*i. What is the units digit of q?
5
Let m(x) = -x + 8. Let s(l) = -5*l - 21. Let t be s(-5). Let j be m(t). Suppose -4*n + 168 = 3*a - 5*n, a - j*n - 67 = 0. What is the tens digit of a?
5
Let n = -32 - -33. Let a(z) = z - 2*z**2 - n + 22 - 5 + 93 + z**3. What is the units digit of a(0)?
9
Let r(b) = 321*b + 1144. What is the units digit of r(21)?
5
Suppose 3*f = 29 + 19. Suppose f*g - 5*g - 891 = 0. Let x = -27 + g. What is the tens digit of x?
5
Let j(w) = w + 8. Let s be j(1). Let x(z) = 8*z - 10*z**2 + z**3 + 9*z - 12 - 4*z. What is the units digit of x(s)?
4
Let k(t) = 2*t**3 + 59*t**2 - 37*t + 22. Suppose 4*g - 11 = c + 35, 4*g = -4*c - 104. What is the units digit of k(c)?
2
Let p(a) = -7*a - 18. Let g be p(-3). Suppose 20*x - 2660 = 16*x - g*t, 3*x - 1990 = -t. What is the tens digit of x?
6
Let h(g) = -g**3 - 18*g**2 - 17*g - 4. Let s be h(-23). Suppose 3*b + 2*v - s = 0, -5050 = 2*b - 7*b - 5*v. What is the hundreds digit of b?
0
Let w = -28 + 52. Let z be (w/15)/(2 - (-393)/(-195)). What is the hundreds digit of (3 + z)/((1 - 0)*-1)?
1
Suppose 14*h - 240590 + 198269 = 553757. What is the units digit of h?
7
Let w = 307 + -318. What is the units digit of 968/w*(-34)/8?
4
Let z be (-6)/(-63) - (-6124)/84. Let a = 1710 - z. What is the units digit of a?
7
Suppose -405*d = -358*d - 1189664. What is the units digit of d?
2
Let t = 46 - 46. Suppose 0 = -4*b - t*b - 3*g + 367, -5*b - 2*g = -457. Let m = 129 - b. What is the tens digit of m?
3
Let m(l) = 3*l - 3. Let r be m(1). Let j(d) = 0 + 3*d**2 + r + 8 - 5*d. What is the units digit of j(7)?
0
Let p(t) = 11*t**3 + 2*t**2 + 5*t - 18. Let y be p(3). Suppose 314*i = y*i + 1142. What is the tens digit of i?
7
Let o(v) = -3*v + 7. Let r be o(-6). Suppose k = -0*k - k. Suppose s - r - 105 = k. What is the units digit of s?
0
Suppose -77*n + 46622 = -818396. What is the units digit of n?
4
Suppose 3*f = -f + 20. What is the tens digit of 1/f + 64/5?
1
Suppose -4*s + 0*s = -8580. Let m = -1230 + s. Suppose 2246 - m = 11*l. What is the tens digit of l?
2
Suppose 48*q + 31*q + 549164 = 107*q. What is the units digit of q?
3
Suppose -46*d + 3448 = -44*d. What is the units digit of d?
4
Let f be 40/220 - (-651)/(-11). Let z = f - -269. What is the tens digit of z?
1
Let o be ((0 + 2)/(-1))/((-24)/192). Suppose o*s + 831 = 6159. What is the hundreds digit of s?
3
Let z(j) = j**3 - 6*j + 2. Let c be 17/((-85)/(-30)) - 3. What is the units digit of z(c)?
1
What is the hundreds digit of 3 + 4148 + 3 + (-18 - -12)?
1
Let z = 79 - 396. Let c = 769 + z. What is the hundreds digit of c?
4
Let f = -1805 - -2060. Suppose k - 6*k - 730 = 0. Let z = f + k. What is the hundreds digit of z?
1
Let q(w) = 16*w**3 - 8*w - 7. Let k be q(-1). What is the tens digit of (-4)/(-12) - 3550/k?
3
Let p be ((-48)/18 + 2)*-216. Suppose x - 1 = 2. Suppose -2*k + 6*t = x*t - p, -t = -k + 70. What is the tens digit of k?
6
Let r be 4512/27 - 14/126. Suppose 5*f - 608 - r = 0. What is the units digit of f?
5
Suppose 76888 + 226919 = 161*z. What is the hundreds digit of z?
8
Suppose -2*z + 0*z = u - 5*z - 9374, 0 = -4*z. What is the units digit of u?
4
Let s(v) = 46*v**2 + 16*v - 93. What is the hundreds digit of s(6)?
6
Suppose -4*r - r + 35 = 0. What is the tens digit of (15/12*-2)/(r/(-28))?
1
Let x be (3930/(-8) - -2) + (-3)/(-12). Let v = 693 + x. What is the tens digit of v?
0
Let r(g) = -12*g + 20. Let t be (-595)/55 + (-6)/33. Let q be r(t). Suppose 0 = -2*h + 8, -p = 3*h - q + 46. What is the tens digit of p?
9
Suppose -33*m - 47693 + 150316 + 410098 = 0. W